*t**2. Calculate n(i).
-4
Let r = -25 + 27. Suppose -a = -0*a + r. Let b(w) be the third derivative of -w**5/30 + w**3/3 - 4*w**2. What is b(a)?
-6
Let s = -15 - -42. Suppose 5*l - s = -b, 2*b + 5*l - 26 = 2*l. Let m(z) = -z**3 + 6*z**2 + 6*z + 3. Give m(b).
-4
Let g(f) = -4*f**2 + 1. Let s(h) = -h**2 + 19*h + 42. Let l be s(18). Let r = 59 - l. Determine g(r).
-3
Let h be (-3)/15 + (-11)/(-5). Suppose m + 4 = 2*m, 4 = 4*j - h*m. Let k(t) = -t**2 + t + 4. Calculate k(j).
-2
Suppose 2*i = i + 2*c - 2, 2*i = 5*c - 6. Let o(q) be the third derivative of q**6/120 - q**5/60 + q**3/3 - 21*q**2. Calculate o(i).
6
Let i(v) = -6*v - 4 - v**3 - 2*v**2 + 2*v**3 + 2*v. Calculate i(4).
12
Let q(o) = -o + 0*o + 0*o - 5*o. Suppose -3*a = 5*s + 10, -s - 4 = -4*a - 2. What is q(s)?
12
Suppose -4*r = -v - 19, -4*v + 8 = 14*r - 16*r. Let q(h) = -h**3 + 8*h**2 - 7*h + 5. Calculate q(r).
35
Let y(h) = h**3 + 3*h**2 - 5*h - 2. Let k = 135 - 24. Let s = k - 115. What is y(s)?
2
Let z(q) be the second derivative of 12*q + 0 - 2*q**3 - 13/120*q**5 + 0*q**4 + 0*q**2. Let n(g) be the second derivative of z(g). Determine n(-1).
13
Let t(h) = -2. Let f(a) = -a - 3. Let r(k) = 2*f(k) - 3*t(k). Let p be ((-2)/3)/(-5*(-10)/75). Determine r(p).
2
Suppose -f = p + 11, 1 + 5 = -p + 4*f. Let i(l) = l**2 + 10*l + 6. What is i(p)?
6
Let a(c) = -7*c**2 + 5*c - 16. Let y(z) = 4*z**2 - 3*z + 9. Let s(o) = 3*a(o) + 5*y(o). Calculate s(-4).
-19
Let y(v) = -v**3 - 2*v**2 + 4*v + 2. Let m be y(2). Let b(u) be the second derivative of u**4/12 + 2*u**3/3 - 5*u**2/2 + u. Calculate b(m).
7
Let f(x) = -x**2 + 58 - 142 + 79 + 6*x. Determine f(6).
-5
Let z(q) be the first derivative of q**4/8 + q**3/6 + q**2/2 + 2. Let t(i) be the second derivative of z(i). Let o(g) = g - 10. Let p be o(8). Calculate t(p).
-5
Let l be (-1 - -11)/((-8 - -7)*1). Let z(i) = -3*i - 15. Determine z(l).
15
Let h(y) = 2*y + 14. Let s(q) = -2*q - 12. Let k(f) = 2*h(f) + 3*s(f). Calculate k(5).
-18
Let l(b) = 2*b**2 + 16*b + 2. Let f(h) = 31*h - 8. Let q be f(0). What is l(q)?
2
Let l(i) = i**2 + 7*i + 1. Suppose 4*d = 4*w - 24, -w + 6 = -3*d - 4*w. Calculate l(d).
-11
Suppose -3*q - 2*q = 3*l + 9, 2*q + 3*l = 0. Let s(g) = -111 - 2*g**2 + 232 - 124. Give s(q).
-21
Let a(j) = 2*j**2 + 7*j - 6. Let p be a(-4). Let h(w) = -w + 4. Calculate h(p).
6
Let i(b) = 2 + 3*b + 2*b - 2*b. Suppose -7*q - 12*q + 114 = 0. Let s be (-4 - -6)*q*5/30. Determine i(s).
8
Let r = -609 + 614. Let g(m) = -m**2 + 10*m - 17. Calculate g(r).
8
Let w(t) = 150 + t - 150. Suppose 0 = -f - 2*r + 10, 5*f + 2*r - 14 = r. Determine w(f).
2
Let o be -2*(-2 + (-4)/(192/(-92))). Let t(x) be the third derivative of x**2 - o*x**3 - 1/30*x**5 + 0 + 0*x - 1/24*x**4 + 1/120*x**6. Give t(3).
5
Let r be (-4)/(-6) - (-102)/9. Let f = r - 1. Suppose -f - 4 = 5*v. Let x(p) = 4*p + 1. Give x(v).
-11
Let u(q) = q**3 + 5*q**2 + 5*q + 3. Let f = -3 - -16. Suppose 16 = -p + f. What is u(p)?
6
Let l(m) = -m**2 - 2*m + 3. Let g be (-14)/(-231)*-3 + (-31)/11. What is l(g)?
0
Let b = 6 + 46. Suppose -y = -t - 29, 3*t + 3*y + b = -y. Let j = -30 - t. Let q(u) = -u**3 - 5*u**2 + 5*u + 5. Determine q(j).
11
Let s = -324 + 324. Let o(c) = c**3 - 2*c**2 - c + 3. What is o(s)?
3
Let h(n) = n**3 - 10*n**2 + 7. Let p(b) = 2*b - 82. Let u be p(46). Give h(u).
7
Let k(v) = -65*v**3 - v**2 - 3*v - 2. Let x be k(-1). Suppose 5*z - x + 80 = 0. Let c(a) be the first derivative of -2*a**3/3 - a**2 + 2*a + 1. What is c(z)?
-10
Let b(s) be the second derivative of -s**5/20 - 5*s**4/12 - s**3/2 + 3*s**2/2 - s. Suppose -15*h - 18 = -9*h. Let k(f) = -f - 7. Let c be k(h). What is b(c)?
-1
Let n(q) = q**3 - 4*q**2 + 4*q - 3. Suppose 40 = 15*b - 20. Determine n(b).
13
Let n(d) = d**3 + 6*d**2 + 7*d + 1. Let h(r) = 19*r**3 - 3*r + 1. Let l be h(1). Suppose -x = 2*z + 13, -x - 2*z - l = z. Determine n(x).
-9
Let m(r) = r**3 - 5*r + 5. Let f be (-14 + 13)/(6/4 + -2). Calculate m(f).
3
Let x(j) = j**3 + 4*j**2 - 8*j + 15. Let u(v) = v**2 - 1. Let w(m) = 5*u(m) + x(m). Determine w(-10).
-10
Let w(a) = -2*a + 1. Suppose 2*i - 13 - 3 = 0. Suppose 2*k - 1 = 7. Suppose k*r - 4 + i = 0. Calculate w(r).
3
Let p = 86 - 407. Let w = p + 453. Let c be w/(-21) + 2/7. Let x(l) = -l - 7. Calculate x(c).
-1
Let a(d) = -77*d**2 + 29*d**2 + 24*d**2 + 25*d**2 - 6*d - 2. Let w = -15 - -21. Determine a(w).
-2
Let x(z) be the third derivative of -z**5/60 - z**4/24 - z**3/3 - 5*z**2. Suppose -2 - 7 = -3*g. Suppose g*a + 9 = 3. Calculate x(a).
-4
Let n be 8*((-15)/6)/(-5). Let g be (-5 + n)*(0 + 1). Let h(v) be the second derivative of -v**4/3 - v**3/6 + 10*v. Give h(g).
-3
Let a(m) = -m**2 - 8*m - 15. Suppose 0 = -3*j - 2*o - 31, -3*j - j = 3*o + 43. What is a(j)?
-8
Let k(y) = 4*y**2 + 2*y - 2. Let h be k(1). Let f(n) = 4*n + 5. Calculate f(h).
21
Let x = 13 - 1. Suppose -x + 6 = -2*o. Let h(p) = p**2 - 3*p + 2. What is h(o)?
2
Let v be (0 + -1)*(-6)/2. Let l(m) = -2*m**2 + 12*m - 7. Let b(f) = -f**2 + 6*f - 4. Let w(x) = v*l(x) - 5*b(x). Let z be (-16)/6*27/(-12). Determine w(z).
-1
Let m(o) be the first derivative of -o**3/3 - 2*o**2 - 4*o - 59. Calculate m(-2).
0
Let r(l) = l**2 + l + 1. Let u be r(-1). Let s(d) = -4 - 3*d + u + d**2 + 2*d. Suppose -y + 6*w + 25 = w, -y - 4*w = 11. Determine s(y).
17
Let t(o) = o + 3. Suppose 5*p = -5*z + 15, -4*z - 37 = -4*p - 9. Calculate t(p).
8
Let c be ((-4)/6)/(4/(-18)). Let u(i) be the second derivative of -6*i + 3/2*i**2 + 0 + 0*i**3 + 1/20*i**5 - 1/4*i**4. What is u(c)?
3
Let y(z) = z - 1. Let u(k) = -k**3 + 10*k**2 + k - 6. Let o be u(10). Suppose 0 = o*c + 3*s - 49, 2*c + 4*s - 12 = -0. Let t = -14 + c. Calculate y(t).
1
Let k(f) = 21*f + 7*f - 24*f + f**2. Suppose 19 = -3*x + 4. What is k(x)?
5
Let q(v) = -5 + 1 - 6*v + 10*v + 5*v**2 - 3*v. Determine q(-2).
14
Let z(m) = m - 11. Let u(a) = 2. Let x(k) = -4*u(k) - z(k). Let l(w) = 5*w - 14. Let y(q) = -2*l(q) - 9*x(q). Suppose -5*g = 11 + 9. What is y(g)?
5
Let a(d) = d**3 - d**2 + d - 2. Let x(w) = -w**2 + w. Let o(m) = -a(m) + 3*x(m). Let c(b) = -b**2 + 11*b + 77. Let g be c(16). Give o(g).
5
Suppose -5*c - 3*z - 36 = 199, -2*z - 54 = c. Let f = c - -45. Let k(m) = 1. Let b(o) = -o - 1. Let w(y) = 2*b(y) + k(y). Give w(f).
-3
Let r(z) = -12*z**2 + 3*z + 1. Suppose 4*i - 8 = 8*i. What is r(i)?
-53
Let v(a) = 5*a - 7. Let d be ((-3)/6 - 0)*(101 - 111). What is v(d)?
18
Let h = 1 + 3. Let i(l) be the first derivative of 5*l**3/3 - 8*l**2 - 14*l - 3. Let s(t) = 3*t**2 - 8*t - 7. Let j(p) = h*i(p) - 7*s(p). What is j(-6)?
5
Let h(r) = r**3 + 5*r**2 - 4*r + 7. Suppose -5*a + 39 = 109. Let f = a - -8. Determine h(f).
-5
Suppose 0 = -3*t + s + 41, t + 2*t = -2*s + 35. Let n(g) = -g**2 + 14*g - 3. Let z be n(t). Suppose i + z = 14. Let r(h) = h**2 - 4*h - 2. What is r(i)?
-2
Let a(r) = -2*r**3 + r**2 + r. Let j(y) = -3*y**3 + y**2 + 4*y - 1. Let t(o) = -2*a(o) + j(o). Let d(l) = l**3 + 5*l**2 + 1. Let z be d(-5). What is t(z)?
1
Suppose -663 = -6*k - 651. Let l(i) be the first derivative of 1/2*i**k - i + 6. Determine l(7).
6
Let r(f) = -f**3 + 5*f**2 - 4*f + 1. Let o(v) = 3 - 60*v + 60*v - v**3. Let n be o(0). What is r(n)?
7
Let r(y) = 19*y - 25*y + 1 + 4*y**3 - 5*y**3 - 8*y**2. Give r(-7).
-6
Let d = -18 + 25. Let j(o) = -4*o - 8. Let b(h) = 17*h + 37. Let g(l) = 2*b(l) + 9*j(l). What is g(d)?
-12
Let y(w) = 7*w + 4. Let d(s) = -76*s - 44. Let u(z) = -3*d(z) - 32*y(z). Let h(j) = j**2 + 10*j + 20. Let q be h(-8). Suppose -q*i - 2 - 10 = 0. Determine u(i).
-8
Let y(w) be the second derivative of -w**4/12 - 7*w**3/6 + 2*w**2 - 2*w + 100. Let s be (2/(-4))/(2/24). Determine y(s).
10
Let v(f) be the first derivative of -f**4/4 + 5*f**3/3 - 511. Let u be (10/4)/((-2)/(-4)). What is v(u)?
0
Let y = -1800 + 1800. Let j(l) be the third derivative of 3*l**2 - l**3 - 1/24*l**4 + 0 - 1/120*l**6 + y*l + 1/10*l**5. Calculate j(6).
-12
Let v = 2 - 2. Suppose -f + 25 = 4*f - 3*t, v = 5*t. Let a(o) = -o + 2. What is a(f)?
-3
Let c(u) = 9*u**2 + 5*u - 8. Let n(o) = 2*o**2 + o - 1. Let f(t) = -c(t) + 6*n(t). Let z be 0 - (3 + 2 + -3). Give f(z).
12
Let m(k) = 47*k + 18. Let h(l) = 28*l + 9. Let u(i) = 5*h(i) - 3*m(i). Determine u(-15).
6
Suppose -q + 25 = -3*n - 0*q, 2 = 2*q. Let r(k) = -k**3 - 8*k**2 + k - 9. What is r(n)?
-17
Let i = 36